 is 40 - -350451034?
350451114
In base 10, what is 523649 - 148?
523501
In base 4, what is 2123321301 - -2130?
2123330031
In base 13, what is -18950 + -133?
-18a83
In base 3, what is -2012021121020100012 + -1?
-2012021121020100020
In base 15, what is -29 - -63c1b?
63be2
In base 5, what is -3302424414 + 3?
-3302424411
In base 6, what is 12100533 - -4505?
12105442
In base 7, what is -224364253 + 5?
-224364245
In base 10, what is -5 + 44030542?
44030537
In base 10, what is -1390002 + 5?
-1389997
In base 8, what is 2337574 - -15?
2337611
In base 16, what is 1 + 44e3fb?
44e3fc
In base 12, what is -16273a14 + -1?
-16273a15
In base 3, what is -20011220 - -1211012120?
1121000200
In base 2, what is -10011001010110001000001011 - 11?
-10011001010110001000001110
In base 15, what is -a996 + -162?
-ab08
In base 10, what is -16771351 + -26?
-16771377
In base 15, what is 38214 - 10b?
38108
In base 7, what is -2045363211 + -2?
-2045363213
In base 14, what is -325 - 1402?
-1727
In base 4, what is -222113 + -2222331?
-3111110
In base 9, what is 334366 + 416?
334783
In base 2, what is 11 - -111001001101001101011?
111001001101001101110
In base 11, what is 180 + 1664a2?
166672
In base 13, what is 9a + 26378?
26445
In base 5, what is 1233 - 11331230?
-11324442
In base 10, what is -47021 - -233?
-46788
In base 4, what is 10311033012 + -33?
10311032313
In base 12, what is b504ab8 - 0?
b504ab8
In base 7, what is -541455 - -223?
-541232
In base 9, what is 7715420 + 5?
7715425
In base 14, what is 1 - 1b53b82?
-1b53b81
In base 13, what is -509a - c8?
-5195
In base 3, what is 1 + 121112201102121021?
121112201102121022
In base 9, what is -1 + 4813388?
4813387
In base 2, what is 1111110111 - 1010110111111001?
-1010101000000010
In base 11, what is -14 - -384044?
384030
In base 11, what is -5712 - 185?
-5897
In base 6, what is -20144132104 - -2?
-20144132102
In base 5, what is 2010034332 - 20?
2010034312
In base 12, what is -48580b7 + -7?
-4858102
In base 12, what is -17216a + 229?
-171b41
In base 11, what is -a + 356564?
356555
In base 4, what is -23 - -123223130?
123223101
In base 2, what is -101010010001 + -110000101000?
-1011010111001
In base 11, what is 1aa70 - 227?
1a844
In base 9, what is 1813 + 4157?
6071
In base 8, what is -6170 + -356?
-6546
In base 11, what is -188783 - 0?
-188783
In base 13, what is -bb7 - 30a?
-11c4
In base 13, what is 1bc - -2a00?
2bbc
In base 4, what is 210122 - -203202?
1013330
In base 4, what is -100212 - -3203331?
3103113
In base 16, what is -9913a + -2?
-9913c
In base 9, what is -4653203 + 13?
-4653180
In base 6, what is 25430423 + 530?
25431353
In base 6, what is 102450151 + 11?
102450202
In base 5, what is 23413441133 + 3?
23413441141
In base 14, what is -6da71 + -5a?
-6dacb
In base 2, what is -100 - 1111110001000001111011?
-1111110001000001111111
In base 14, what is 54abd9 + -2?
54abd7
In base 12, what is 181a2517 + 4?
181a251b
In base 9, what is -218123 - -106?
-218016
In base 3, what is 2002220222 - 11220?
2002202002
In base 9, what is 15347148 + 13?
15347162
In base 12, what is -1bab7 + -28?
-1bb23
In base 10, what is 10165 + 523?
10688
In base 8, what is -67 - -1105302?
1105213
In base 9, what is 257884647 + -1?
257884646
In base 3, what is -202220101210 - -200?
-202220101010
In base 12, what is -389 + -1533?
-1900
In base 8, what is -337 + 3123261?
3122722
In base 10, what is 9483 - -4133?
13616
In base 8, what is 3 - 16224025?
-16224022
In base 4, what is 121 + 20032231?
20033012
In base 3, what is -2001 + -1201200110100?
-1201200112101
In base 16, what is -35 + -406c2d?
-406c62
In base 9, what is -15 + -230838?
-230854
In base 9, what is 2685068 - -3?
2685072
In base 13, what is -5 - 2242124a?
-22421252
In base 3, what is 0 - 1010110020221210?
-1010110020221210
In base 12, what is 1a4 + 44740?
44924
In base 2, what is -101010001111001 - -11101000?
-101001110010001
In base 4, what is -112022322 + 10000?
-112012322
In base 7, what is 23160 + 12644?
36134
In base 13, what is 1 + 17bb824?
17bb825
In base 6, what is 200 + -222540?
-222340
In base 5, what is -14 + -140203312?
-140203331
In base 9, what is 178 - -282564?
282753
In base 10, what is -37 + -12301219?
-12301256
In base 5, what is -422 + 34401220?
34400243
In base 16, what is -5 - 237f371?
-237f376
In base 16, what is -88e47 + -964?
-897ab
In base 4, what is -32312221222301 + 1?
-32312221222300
In base 12, what is -2718379 - -6?
-2718373
In base 5, what is -1 - 223101133022?
-223101133023
In base 11, what is 1 + a670771?
a670772
In base 10, what is 1 + 10475760?
10475761
In base 7, what is -133 + -10234015?
-10234151
In base 11, what is 70 + -540491?
-540421
In base 9, what is 3508657 - 53?
3508604
In base 9, what is 2545064 + 25?
2545100
In base 16, what is 67543 + 4d2?
67a15
In base 5, what is 212 + -2042212320?
-2042212103
In base 12, what is 5144baa - 8?
5144ba2
In base 12, what is -35ba80408 + 3?
-35ba80405
In base 12, what is 0 + 96a2066?
96a2066
In base 3, what is -1011 + 2021102021000?
2021102012212
In base 11, what is -18 + 1269a813?
1269a7a6
In base 12, what is 595925 - -3?
595928
In base 9, what is -47274416 + -5?
-47274422
In base 4, what is -31230 + 30202111?
30110221
In base 8, what is -25 + 55171070?
55171043
In base 10, what is 2752 + 8324?
11076
In base 7, what is -4211 + -51040?
-55251
In base 5, what is 12201 + -10434303?
-10422102
In base 13, what is 3 + 644650a?
6446510
In base 3, what is 12000012111 - -100?
12000012211
In base 12, what is -1 - 4831292?
-4831293
In base 16, what is -b - 675b2?
-675bd
In base 6, what is -2 - -1035321552?
1035321550
In base 7, what is 3 + -1422351251?
-1422351245
In base 2, what is -10001000100110 - 10001111011100?
-100011000000010
In base 10, what is -382351 + 1904?
-380447
In base 4, what is -1213301 - 30003011?
-31222312
In base 10, what is -689953 - -66?
-689887
In base 2, what is 1110011110110110 + 100110011?
1110100011101001
In base 5, what is -43 - -122212121?
122212023
In base 14, what is 47b4b95 - -7?
47b4b9c
In base 11, what is -a393 - 3456?
-12839
In base 5, what is -2304331 + -2211?
-2312042
In base 16, what is 835 - 174b6?
-16c81
In base 6, what is 1 - 31022531335?
-31022531334
In base 6, what is 110 + 25531350?
25531500
In base 8, what is 6 - 122374463?
-122374455
In base 7, what is -2324051 - 13061?
-2340142
In base 6, what is -3353300315 - -1?
-3353300314
In base 12, what is -2a85052 - -1b?
-2a85033
In base 2, what is -1000010101100010 + -101010000?
-1000011010110010
In base 15, what is -4 + -972b4?
-972b8
In base 11, what is 2a9 - 2a068?
-2986a
In base 14, what is a + 5c43812?
5c4381c
In base 8, what is 10 - -45030756?
45030766
In base 4, what is 3001010002 + -12011?
3000331331
In base 8, what is 43 - 10237152?
-10237107
In base 14, what is a95 + a1174?
a1c29
In base 9, what is 3164 - -18217?
22382
In base 5, what is 1 - -1033234132234?
1033234132240
In base 13, what is -12b6b4b39 - -2?
-12b6b4b37
In base 14, what is -217b85 + -11?
-217b96
In base 8, what is -65 - -1075662?
1075575
In base 2, what is -100011101 + 1011110000101100?
1011101100001111
In base 15, what is -186565 - 118?
-18667d
In base 7, what is -15436 + -346?
-16115
In base 10, what is 17836 + 227?
18063
In base 12, what is 11 - -260a7a81?
260a7a92
In base 5, what is -1 - 3002400334?
-3002400340
In base 16, what is -1abebb - -133?
-1abd88
In base 10, what is 4676664 - -99?
4676763
In base 6, what is 222215145105 - 2?
222215145103
In base 9, what is 10461816 + 4?
10461821
In base 4, what is 20 + -132013322203?
-132013322123
In base 14, what is c4 + 134593?
134677
In base 7, what is -21465 + -2314025?
-2335523
In base 4, what is -3 - 23010203?
-23010212
In base 12, what is -b00 - -3727?
2827
In base 10, what is -29088 + -303?
-29391
In base 6, what is 5021 + -3443020?
-3433555
In base 2, what is 1011110 + 1000101000011000?
1000101001110110
In base 5, what is -14324 - 20303314?
-20323143
In base 15, what is 113607 + dc?
1136e4
In base 15, what is -18e2 - 6d1?
-20c3
In base 11, what is 5 + 18129684?
18129689
In base 14, what is -b0b64 + -1d?
-b0b83
In base 6, what is 11314 + 4420154?
4431512
In base 13, what is -129724 + -33?
-129757
In base 2, what is 101011 + 1101101000111100100111?
1101101000111101010010
In base 10, what is 112656 - 1918?
1